ive p(n).
14
Let q(c) = -3*c + 10. Let g be ((-42)/(-10))/(51/85). Determine q(g).
-11
Let q = -5 + 10. Let d = q - 3. Let i(r) = 3*r**2 - 2*r**2 - 2*r**2 + 3*r + 3*r**d. What is i(-2)?
2
Let o be (-2)/11 + 3 + 155/(-55). Let c(n) = -n**3 - n**2 + n + 3. What is c(o)?
3
Let j(g) be the second derivative of -4*g**3/3 + g**2/2 - 8*g. Let i(n) = -n + 10. Let p be i(8). Suppose -p + 0 = -y. Give j(y).
-15
Let r(o) = -9*o**3 + 32*o**2 + 5*o - 10. Let d(v) = -11*v**3 + 32*v**2 + 6*v - 6. Let t(g) = -4*d(g) + 5*r(g). What is t(32)?
6
Suppose -5*y = 36 - 11, 0 = 3*k - 4*y + 64. Let g(v) = -v - 20. Let m be g(15). Let x = k - m. Let a(j) = j**2 - 8*j + 8. Determine a(x).
1
Let p(d) = d**3 + 17*d**2 + 60*d + 7. Let h be p(-12). Let o(n) = n**3 - 6*n**2 - 6*n + 4. What is o(h)?
11
Let x(a) be the first derivative of -a**4/4 + 2*a**3 + 5*a**2/2 + 6*a + 95. Calculate x(7).
-8
Let v be 18/4*2/3. Suppose 10 = m + 3*t - 8*t, 3*t = -v. Let j(r) be the first derivative of -r**4/4 + 5*r**3/3 + r**2/2 - 5*r - 1. Calculate j(m).
0
Let h(n) = -n + 1. Suppose -3*l = p - 6*p + 163, -p - 3*l + 29 = 0. Let s be p/18 - 20/(-90). Determine h(s).
-1
Suppose -30 = 2*h + h. Let k(t) be the first derivative of -t**4/4 - 11*t**3/3 - 9*t**2/2 + 11*t + 1320. Calculate k(h).
1
Suppose 3*b + 12 = 9*b. Let i(h) = h**3 + 6*h**b + 536*h - 536*h + 6. What is i(-6)?
6
Let f(v) be the third derivative of v**3 + 18*v**2 + 0*v + 1/24*v**4 + 0. What is f(-5)?
1
Let t(o) = -o**2 + 3*o + 4. Let j(z) = -6 - 31*z + 62*z - 32*z. Let h be j(-9). Determine t(h).
4
Let k(x) = x + 1. Let i(o) = o + 1. Let h(m) = -5*i(m) + 4*k(m). Suppose -3*n - 8 + 20 = 0. Suppose -4 = 4*g + 3*y, n*y - 14 = 2. Give h(g).
3
Let z be (2 + (-22)/4)*156/273. Let h(a) = -6*a**2 + 9*a + 4. Let n(l) = -l**2 + 2*l + 1. Let f(d) = 2*h(d) - 11*n(d). What is f(z)?
1
Let a = 106 + -105. Let i(n) = a + 2*n - 2 - 4 + 3. What is i(4)?
6
Let b(r) = -7*r + 1. Let f(t) = -6*t. Let i(u) = -5*b(u) + 6*f(u). Suppose 0 = -8*x + 5*x + 21. Suppose x = -2*w + 3*s - 11, -w - 2 = 2*s. Give i(w).
1
Let d(k) = k**3 + 6*k**2 - 3. Suppose 0 = -3*v + 3*n - 27, 37 = -3*v + 25*n - 20*n. What is d(v)?
29
Let m = 2 - 1. Let u(c) = 21*c**3 - 4*c + 2*c + 831*c**2 + 1 - 43*c**3 - 830*c**2. What is u(m)?
-22
Let h(v) = v**3 - 16*v**2 - 55*v - 34. Let s be h(19). Let r(f) = -f**2 + 5*f + 1. Determine r(s).
5
Let x(p) = -42 + 59 - p**2 - 3*p - 9. Determine x(-6).
-10
Let y(f) = -f - 5. Suppose -q + 18 = -3*o, -344 = 2*o + 4*q - 346. Give y(o).
0
Let n(r) = 10 + 14*r + 10*r - 26*r. Give n(-8).
26
Let x be -2 + (0 - (-8)/(-1)). Let h be (-1)/(-1*2/x). Let u(j) be the third derivative of j**5/60 + j**4/3 + j**3 + 13*j**2 + 4. Give u(h).
-9
Let f(v) = -4*v**2 + 2*v - 7. Let q(d) = 5*d**2 - 3*d + 3. Let r(t) = 6*f(t) + 5*q(t). What is r(8)?
13
Let v be ((-3)/9*-2)/(4/12). Let a(m) = -13*m**2 - 4*m + 29. Let l(d) = -3*d**2 - d + 7. Let b(n) = v*a(n) - 9*l(n). Give b(-4).
7
Let g(h) = -49*h + 1 + 3*h + h - 3*h. Determine g(1).
-47
Let b(z) = -z**3 + 4*z**2 - 3. Suppose 20 = 4*d - 2*i + 8, 0 = -5*d - 4*i + 28. What is b(d)?
-3
Let n(u) = -u - 2. Suppose -4*c + 27 = 7. Let z(f) = -7 + c*f - 2*f + 3 - 5*f. Let y(m) = -7*n(m) + 4*z(m). What is y(-6)?
4
Let v(u) = 4*u + 12. Let h(l) = 5*l + 12. Let r(a) = 5*h(a) - 6*v(a). Let j(y) = -3*y**2 - 15*y + 14. Let x be j(-10). Let d be 8/(-44) + x/(-22). What is r(d)?
-6
Let h(r) = r**2 + 7*r + 8. Let o = 19 - 20. Let z be 1*(-4 - (2 - o)). Calculate h(z).
8
Let i(a) be the third derivative of 1/12*a**4 + 0 - 1/20*a**5 + 1/2*a**3 + 0*a - a**2. Suppose -6*b - 6*b + 14 = -19*b. Calculate i(b).
-13
Let v = -15 - -11. Let w(n) = n**2 + 4*n + 6. Let k(p) = 2*p**2 + 8*p + 13. Let c(o) = 2*k(o) - 5*w(o). Calculate c(v).
-4
Suppose -3*i + 56 = -i. Suppose 4*w + 10 + 22 = 4*m, 4*m - 2*w = i. Suppose 2*y - m = -2. Let d(p) = p**3 - 3*p + 3. Calculate d(y).
5
Let t(g) = -g**3 + 5*g - g - 11 + 10*g**2 - 3*g. Let j be (-2 + -2)*((-90)/12)/3. Calculate t(j).
-1
Let g(p) be the third derivative of 0 + 7*p**2 - 1/6*p**4 + 1/60*p**5 + 0*p**3 + 0*p. Give g(3).
-3
Let x(q) = -2*q**2 + 10*q - 1. Suppose -25*j - 40 = -33*j. Calculate x(j).
-1
Let w(a) be the third derivative of a**5/60 - 3*a**4/8 - a**3 - 349*a**2. What is w(11)?
16
Let b = 36 + -32. Let z be 380/209 + (b/22 - 0). Let g(d) = d**3 - 4*d + 3. Calculate g(z).
3
Let t(g) = 19*g**2 + 2*g - 4. Let f(w) = 54*w**2 + 6*w - 12. Let p(k) = 6*f(k) - 17*t(k). Give p(4).
20
Let i(z) = z + 5. Let d = -103 + 95. Give i(d).
-3
Let h(k) be the second derivative of -4*k**2 - 1/6*k**3 - k + 0. Let t = 754 - 760. Calculate h(t).
-2
Let m(k) be the first derivative of -k**3/3 + 3*k**2 - 11*k + 105. What is m(5)?
-6
Let m(f) = 16*f - 43. Let v(k) = -9*k + 24. Let h(l) = 4*m(l) + 7*v(l). What is h(-6)?
-10
Let k(v) = -2*v + 55. Let w be k(24). Let r(y) = w + y + 0*y - 2*y. Give r(4).
3
Suppose 102 - 30 = -18*h. Let v(d) = -d**2 - d. Let b = -7 - -6. Let w(g) = -g**2 + 2*g - 4. Let y(p) = b*w(p) + 3*v(p). Give y(h).
-8
Let t(d) = -7*d**3 + d**2. Let f be t(1). Let o(l) = -15*l**2 + 8*l + 6. Let k(x) = 38*x**2 - 17*x - 12. Let s(i) = 2*k(i) + 5*o(i). Determine s(f).
6
Let u = -86 - -80. Let b(j) = j**2 + 3*j + 6. What is b(u)?
24
Let s(w) = -2*w**2 - w - 2. Let o(b) = 5*b**2 + 5*b + 7. Let y(j) = -o(j) - 3*s(j). What is y(4)?
7
Let x(q) = -5*q**2 + 15*q**2 - 11*q**2 - 2 + 4*q. Let j = -20 - -24. What is x(j)?
-2
Let b(v) = -v**3 + 11*v**2 - 8. Let p(h) = 3*h + 5. Let x be p(2). Calculate b(x).
-8
Let g(w) be the first derivative of -w**2/2 + w + 4. Suppose -5*r = 4*d - 2*r + 15, d - 2*r = -1. Calculate g(d).
4
Let y(t) = 4*t**2 - 8*t + 6. Let f(x) = -5*x**2 + 9*x - 6. Let n be 5*(48/(-15) + 4). Let a(c) = n*y(c) + 3*f(c). Calculate a(5).
6
Let d(i) = i**2 - 6*i + 3. Let w be -7*9*(-2)/21. Determine d(w).
3
Let b(u) be the second derivative of -u**4/12 + u**3 - 3*u**2 - u. Suppose -6*q + 1294 = 1258. What is b(q)?
-6
Let j(s) = -7*s + 34 + 4*s + 15 - 7. Determine j(17).
-9
Let c(l) = 2*l + 4. Let j(n) = -4*n - 7. Let t(g) = -7*c(g) - 4*j(g). Let x(a) = 2*a**3 - 11*a**2 + 4*a + 1. Let m be x(5). Determine t(m).
-8
Let w(d) = -2*d**2 + 13*d + 19. Let k be w(8). Let j(v) be the third derivative of -v**5/60 - v**4/4 - 2*v**3/3 - 5*v**2. Determine j(k).
1
Let a(m) = 5*m**3 + 7*m**2 - 4*m + 7. Let u(y) = -2*y**3 - 2*y**2 + y - 2. Let q(h) = -2*a(h) - 7*u(h). Let x = -106 + 114. Suppose x*r = -r - 9. Give q(r).
-5
Let l(y) = 7*y**3 + 3*y**2 + 10*y + 11. Let d(w) = 34*w**3 + 15*w**2 + 48*w + 53. Let z(u) = -6*d(u) + 29*l(u). Let a = 1 - 4. What is z(a)?
-5
Let z(w) = 4*w - 2. Let y(b) be the first derivative of -2*b**2 + 2*b - 11. Let t(u) = -6*y(u) - 5*z(u). Give t(-3).
-14
Let a(m) = 2*m - 48. Let f = 440 - 418. Give a(f).
-4
Let h(a) = 4*a**2 - 3*a**2 - a**2 - a**3 - 2*a**2 + 17*a - 6 + 9*a**2. Calculate h(9).
-15
Let k be (3 + -4 - -2) + 8. Suppose 2*u + 3*s + k = 0, 2*s = -3*u + 3*s - 19. Let i(q) = -q**2 - q**3 - 3*q**2 - 3*q**2 + 8 - 6*q. Give i(u).
8
Suppose -5*q - 1 = -16. Let d(h) be the first derivative of 3*h**2/2 - 4*h + 1857. What is d(q)?
5
Let r(z) be the third derivative of -z**4/24 - z**3/3 + 4*z**2. Let j = -17 - -11. Let a = j + 11. Give r(a).
-7
Suppose -5*w - 2*z + 65 = 0, 2*w - w - z - 6 = 0. Let o(u) = -u + 3. Calculate o(w).
-8
Let a(h) = -3*h**3 + 3*h**2 - 2*h - 2. Let v(d) = 11*d + 277. Let c be v(-25). What is a(c)?
-18
Let m(a) = -5*a - 3. Let s be m(-9). Let o(g) = -s + 2*g + 42. Let q(b) = -b - 9. Let c be q(-7). Calculate o(c).
-4
Let y = 17 + -47. Let r = y + 28. Let l(z) = z**2 - 2*z + 1. Give l(r).
9
Let d(f) = -f**2 + 6*f + 3. Let n(y) = -y - 6. Let m be n(-8). Let x = m + 3. Determine d(x).
8
Let c(s) = s**2 + 3*s + 5. Suppose 0 = d - 67 + 69. Calculate c(d).
3
Let h(a) = -4*a**2 + 2*a + 1. Let z(t) = 15 + 4*t - 5*t**2 + 15 - 28. Let r(n) = -4*h(n) + 3*z(n). Give r(-6).
14
Let l = 15 - 11. Let m be (5 - l)/((-2)/8). Let f(c) = c**3 - c**2 - c. Let x(y) = 4*y**3 + y**2 - 3*y - 2. Let k(v) = -3*f(v) + x(v). Give k(m).
-2
Let p be (-23 - -16)*1*12/7. Let j(d) = d**3 + 13*d**2 + 13*d + 18. What is j(p)?
6
Let l(t) = -t**2 + 17 + 20 - 24 + 3 + 2. Calculate l(4).
2
Let w(k) = -16*k + 50. Let r(n) = 7*n - 22. Let a(d) = -7*r(d) - 3*w(d). Let z(g) = g - 1. Let p be z(4). What is